+ 41 + 50. Let v be (324/z)/(6/16). Suppose v = 4*s - s. Let o(f) = -f + 3. Calculate o(s).
-3
Suppose -3*h + 5 = -2*s - 3, -2*s = h - 16. Let p(l) = 7 - 2*l - 5 + 5 - 5. What is p(h)?
-10
Let t = -4 + 8. Suppose -33 = -t*w - 9. Let x(l) = l**2 - l + 1. Let n(p) = -p**3 + 11*p**2 - 6*p + 13. Let j(f) = n(f) - 5*x(f). Calculate j(w).
2
Let f(q) = q**2 + q + 5. Suppose 33 - 3 = 5*y. Let d be 0*((-3)/(-12) - y/(-8)). Calculate f(d).
5
Let u(k) = -20*k**2 - 28*k + 11. Let f(m) = -6*m**2 - 9*m + 4. Let i(v) = 7*f(v) - 2*u(v). Determine i(-4).
2
Suppose -79*j = -65*j - 14. Let s(r) = 20*r**3 + r**2 - r. Calculate s(j).
20
Let k(o) = -10*o + 29 - 11 + 13. Let d(s) = -2*s + 15. Let z be d(4). Let x(p) = -3*p + 10. Let n(b) = z*x(b) - 2*k(b). Give n(0).
8
Let l(j) = -14 + 74*j - 4*j - 68*j + 0*j. Give l(13).
12
Let g be -8 - -10 - 41/1. Let a = g - -38. Let n(r) = -10*r**2 - 4*r - 1. Let y(j) = -11*j**2 - 5*j - 1. Let h(o) = -4*n(o) + 3*y(o). Determine h(a).
7
Let y(b) = -b**3 - 3 + 4*b - b - 2*b**2 + b**2. Let p = -5 + 35. Let k = p + -33. What is y(k)?
6
Let o(m) be the first derivative of -m**4/2 + 2*m**3/3 - m**2 + m + 2. Suppose 0 = 38*r - 32*r + 36. Let c be (4 - (1 + 76/24))*r. Give o(c).
-1
Suppose -3*q = -26*q - 138. Let l(t) = t**3 + 6*t**2 - t - 1. Calculate l(q).
5
Let y(a) = 8*a - 35. Let z(k) = -6*k + 31. Let f(q) = -4*y(q) - 5*z(q). Determine f(-8).
1
Suppose 3*c = 2*z - 4, 2*z - 5*z + 21 = 3*c. Suppose -3*n = 3*j - 0*j - 3, -5 = -j + n. Let m(v) = v**2 - 4 - v**j + 2 - 3*v - 7*v**c. What is m(-5)?
-12
Let c(b) be the third derivative of -1/24*b**4 + 0 + 5/6*b**3 + 0*b + 4*b**2. What is c(5)?
0
Suppose 20 + 5 = -5*v. Let l(k) = 3*k + 17. Let a(b) = b**2 - 4*b - 4. Let t be a(4). Let y(p) = -p - 6. Let f(u) = t*l(u) - 11*y(u). Give f(v).
3
Let l(b) = -8*b. Suppose 2*z + 1710 - 1706 = 0. Determine l(z).
16
Let p = -2 + -3. Let b(q) = -q**3 - 9*q**2 + 4*q + 7. Let n(a) = a**3 + 3 + 8*a**2 - 6 - 3*a - 4. Let c(m) = 3*b(m) + 4*n(m). Calculate c(p).
-7
Let h(x) = -x**3 + x**2 + 3*x - 1. Let a(p) = p**2 - 1. Let c(i) = 5*a(i) - h(i). Let t(q) = -q**2 + 6*q - 4. Let y be t(6). Determine c(y).
8
Let f(h) = 0*h + 2*h - h - 4*h. Suppose -b = -5, 2*b + 31 = -c + 6*b. Let o = c + 14. Calculate f(o).
-9
Let t(j) = 0 - 5 + 13*j - 7*j - 13. Calculate t(7).
24
Let m(g) = -5*g + 4 - 7*g + 1 - g - 4. Calculate m(-2).
27
Suppose 32 = k + 37. Let a(g) = -g**3 - 7*g**2 - g + 6. Determine a(k).
-39
Suppose -3*f + 4*t = -1 - 22, 2*f - 2*t - 12 = 0. Let z(r) = -9 + 3 - f - r. Determine z(-8).
1
Let c(h) = -h - 15. Let y(t) = 3*t + 24. Let l be y(0). Suppose 0 = -5*x - 5*w - 55, -3*x + w - l = x. Give c(x).
-8
Let q(x) = -x**3 + 5*x**2 + 2*x + 3. Let z(f) = f**3 - 4*f**2 - 2*f - 2. Let v(s) = 2*q(s) + 3*z(s). Let y = -62 - -65. Give v(y).
3
Let t(l) = l**2 + 7*l - 8. Let q be 196/(-6) + (-18)/(-27) + 2. Let y be (-6)/q + ((-31)/5 - 1). Determine t(y).
-8
Let a(c) = 10*c - 32. Let x(o) = o + 3. Let g(m) = a(m) + 4*x(m). Let f(j) = 5*j - 7. Suppose -3*t - 25 = 26. Let d(h) = t*f(h) + 6*g(h). Give d(-4).
3
Let s(w) = 3*w + 14. Let j be s(-6). Let h(y) = y**2 + 6*y + 7. Let f be h(j). Let v be 6/f - (0 - -1). Let b(c) = c**2 + 9*c + 8. What is b(v)?
-6
Let j be (35/15)/(2/6). Let r(q) = -7 + j*q + 2*q - 11*q. Determine r(-5).
3
Let n(w) = -w**2 + 5*w + 4. Let q be n(6). Suppose -i = -1 - 0. Let x(b) = -b - i + 2*b + 0. Give x(q).
-3
Let c(j) be the second derivative of j**4/12 - 7*j**3/6 + 2*j**2 - 67*j - 3. What is c(7)?
4
Let a(i) = -2*i + 9. Suppose -2*s - 5*p = 3, 2*s - 1 = -p - 0. Let c = -1 - s. Let o be 16*(c + (-5)/(-2)). Calculate a(o).
-7
Let l(q) be the second derivative of q**3/6 - q**2/2 + 15*q. Let c(m) = 5*m - 2. Let h(z) = c(z) - 6*l(z). Determine h(-5).
9
Let x(h) = -8*h**3 - h**2 + 3*h + 4. Let o be x(-1). Let m(q) = -q - 7. Let s(l) = 2*l + 8. Let p(t) = 3*m(t) + 2*s(t). Calculate p(o).
3
Let f(s) be the first derivative of 8*s - 1/3*s**3 - 3*s**2 - 12. Give f(-7).
1
Let n(j) = j**2 + 3*j + 2. Suppose -559*b + 6 = -560*b. What is n(b)?
20
Let y(i) be the second derivative of -7*i - 7/6*i**3 + 0 + 0*i**2. Calculate y(1).
-7
Let w(a) = a**3 + 6*a**2 - a + 1. Let q(c) = c**3 + 6*c**2 - 2*c + 2. Let t(r) = -6*q(r) + 7*w(r). Determine t(-5).
-5
Let k(o) be the second derivative of 2*o**3/3 + 11*o**2/2 + 2*o. Let j(l) = -2*l - 5. Let z(b) = 5*j(b) + 2*k(b). What is z(6)?
-15
Let d(m) = m**3 + 8*m**2 - 2*m - 6. Let y(x) = 4*x**3 + 33*x**2 - 7*x - 24. Let w(l) = 9*d(l) - 2*y(l). Give w(-6).
18
Let z(d) = 22*d + 5. Let i be z(0). Let c(p) = p**2 - 9*p + 6. Calculate c(i).
-14
Let r(s) = s**3 - s**2 - s + 2. Suppose 0 = -2*l - 4*p + 43 - 15, 0 = l - p - 11. Suppose -2*g - g - 5 = 2*m, -2*g - l = -3*m. Give r(m).
4
Let q(c) = 5*c**2 - 18*c + 9. Let n(o) = -2*o**2 + 9*o - 4. Let j be (-11)/(77/42) + (-1)/1. Let w(x) = j*n(x) - 3*q(x). Calculate w(-9).
1
Let n(w) = -2*w**2 + 4*w + 3. Let z = -81 + 94. Suppose 3*y - q = y + z, -4*y - 2*q + 6 = 0. Calculate n(y).
-13
Let t = 149 - 142. Let l(j) = j**3 - 6*j**2 - 7*j - 10. Determine l(t).
-10
Let v(i) = -5*i**2 + 1. Let b = 13 + -10. Suppose 12 = m + 3*m, 4*o + b = 5*m. Suppose -4*n - 9 - 2 = -3*y, o = -3*y - 3*n. Calculate v(y).
-4
Let b be 9/18 + (-3)/6*-3. Let t(p) = 3 + p**2 - 11 + 7. What is t(b)?
3
Let h(g) = 4*g - 2. Suppose 0 = 2*q + 2*q - 12. Suppose -l - q = -5*k, -5*l = -2*k - 0*k - 8. Calculate h(l).
6
Suppose -27*x - 1 = -26*x + 3*l, -4*l = -4*x - 36. Let r(s) = -s**3 - 6*s**2 + 6*s + 3. Give r(x).
10
Let h(l) = 2*l**2 + 4*l + 4. Let y be 1/4 + 21/(-4). Give h(y).
34
Let k(r) = -89*r + 5. Let s(x) = -45*x + 3. Let y(t) = -4*k(t) + 7*s(t). What is y(-1)?
-40
Let f(u) = -7*u**3 + 3*u**2 - 5*u - 16. Let h(n) = 24*n**3 - 8*n**2 + 16*n + 51. Let j(s) = 7*f(s) + 2*h(s). Give j(5).
-25
Let r(s) = 2*s - 7. Let g be (-15)/10 - 59/(-2). Suppose -38 = -2*q - g. What is r(q)?
3
Let p(t) be the first derivative of -t**3/3 + 3*t**2/2 - 6*t + 170. Suppose -16 = -q - 3*q. Calculate p(q).
-10
Let h(v) be the first derivative of -1/4*v**4 - v + 7 - 4/3*v**3 - v**2. Determine h(-4).
7
Let o(f) be the first derivative of 5*f**2/2 - 6*f - 1. Let i(g) = -2*g**3 - 27*g**2 + 126*g + 124. Let s be i(-17). Calculate o(s).
19
Suppose 0 = 2*y - 11 + 31. Let i(j) = j**2 + 11*j + 10. Let t be i(y). Let m(b) = b**3 - 2*b + 5*b**2 - 4*b**2 + 3*b. Calculate m(t).
0
Let b(n) = -n**3 - 16*n**2 + n + 16. Let x be b(-16). Let p(t) = 14*t - 13*t + 3 + x*t - 2. Give p(5).
6
Let j(d) = d**2 + 3*d + 1. Let f(z) = z**2 - z - 1. Let v(l) = 4*l**2 - 8*l - 6. Let p(b) = 5*f(b) - v(b). Let g(a) = 2*j(a) - 3*p(a). What is g(-4)?
-5
Let n(b) = -b**3 - b**2 + 12. Let g(a) = 32*a - 96. Let q be g(3). Calculate n(q).
12
Let b(y) = y - 6. Let t = -76 - -71. Determine b(t).
-11
Let o(m) = 4*m + 9. Let x(j) = -j - 4. Let l(k) = -2*o(k) - 7*x(k). What is l(0)?
10
Suppose 5*b - b - w = -3, -2*b = -w - 1. Let i be 1/(4 - 3)*(5 + 2). Let f(d) = i*d + 22 - 12 - 8 - 4. Give f(b).
-16
Let s(z) be the third derivative of -z**6/90 - z**5/40 + 7*z**4/12 - 39*z**2. Let g(y) be the second derivative of s(y). What is g(-2)?
13
Let m(l) = 9*l - 1. Let n(t) = -19*t + 3. Let b(i) = 5*m(i) + 2*n(i). Let v(f) = 14*f + 2. Let u(w) = -5*b(w) + 2*v(w). Give u(-1).
6
Suppose 343 = -3*o + 331. Let i(c) be the third derivative of -c**5/60 - c**4/6 + c**3/3 + 3*c**2. Determine i(o).
2
Suppose 0 = -2*c + 7 - 1. Suppose -c*k - 4 = 5*z, 5*z + k - 3 = -1. Let w(o) = 0*o**3 + 4 - 5 - o**3 + o**2. Give w(z).
-1
Let g(z) = -7*z**3 - 9*z**2 + 20*z + 8. Let l(o) = 20*o**3 + 27*o**2 - 59*o - 25. Let r(n) = 17*g(n) + 6*l(n). Determine r(-10).
26
Let r(i) be the first derivative of -5*i**3/3 + i + 1. Suppose -12*x = -13*x - 1. Give r(x).
-4
Let s(p) = 2*p**2 - 9*p + 5. Let t(r) = -r**2 + r + 1. Let d(a) = -s(a) - 3*t(a). Give d(-7).
-1
Let t(c) = -c**3 - 2*c**2 + 4*c + 4. Let v(z) = z**3 + z**2 - 3*z - 3. Let n(h) = -2*t(h) - 3*v(h). Calculate n(-1).
2
Let t(r) = -2*r**2 + 2*r - 3. Let i = 43 + -41. Determine t(i).
-7
Let z(o) = 7*o**3 + 10*o**2 + 11*o + 3. Let l(k) = k**3 - 1. Let x(r) = -6*l(r) + z(r). Determine x(-9).
-9
Let l(n) = -n**3 + 4*n**2 + n + 14. Let w be l(5). Let p(q) be the third derivative of -q**4/8 - q**3/2 - 26*q**2. Determine p(w).
15
Let u(t) = 24*t**2 + t. Let b 